et k(w) = 4*w**2. Calculate k(a).
4
Let u(w) = 6*w**2 - 54*w - 15. Let s(r) = -7*r**2 + 63*r + 18. Let m(t) = 5*s(t) + 6*u(t). Let b = -17 + 25. What is m(b)?
-8
Let h(d) = -78*d**2 - 4*d - 4. Suppose 0 = 2*c + z + 10, -7*z + 6*z = -5*c + 3. What is h(c)?
-78
Let c(u) = 28*u + 2295. Let z be c(-83). Let n(f) = 2*f**2 + 58*f + 8. What is n(z)?
8
Let k(u) = 4*u**2 + 16*u + 14. Let b be k(-1). Suppose 5*j = -1 + 11. Let f(l) = -17 + 15 + l**b + l**j. What is f(-2)?
6
Let n(r) = 3*r - 12. Suppose -43*l = 127*l - 3400. Give n(l).
48
Let s(v) = -76*v - 589. Let t(h) = -138*h - 1176. Let u(n) = -5*s(n) + 3*t(n). Determine u(-17).
-5
Let i(f) = 6*f - 95. Suppose s - 4*q - 6 = -4, s = 5*q - 1. Determine i(s).
-11
Let w(z) be the second derivative of -3*z**5/4 + z**4/6 - z**3/3 + z**2/2 + 4*z + 374. What is w(1)?
-14
Let a = 23 - 32. Suppose -111 = -3*h + 3*c, h = 4*c + 36 - 8. Let l(u) = 53 - 83 + u + h. Determine l(a).
1
Let n = 135 + -15. Let b = 123 - n. Let p(q) = -b*q - 29*q**3 - q**2 + 27*q**3 + q. Give p(-2).
16
Let y(c) = 2*c**2 - 41. Suppose 176*p = 77*p - 67*p. What is y(p)?
-41
Let k be ((50/15)/((-2)/12))/(-2). Let b(z) = -z**2 + 16*z - 64. Give b(k).
-4
Let g(l) = 184 + 181 + 171 - 10*l - 570. Determine g(-5).
16
Suppose -3*a = -11*a + 280. Suppose -11*d + a - 112 = 0. Let k(z) be the third derivative of z**6/120 + z**5/10 - 7*z**4/24 + z**3/6 + 26*z**2. What is k(d)?
1
Let f(u) = -2*u**3 - 2*u**2 + u + 2. Let o be f(-2). Let j(g) = -2. Let l(m) = -m + 18. Suppose 0 = -2*p - 8*p + 50. Let v(w) = p*j(w) + l(w). What is v(o)?
0
Let b be (-5 + 4)*22/(-2). Let x be (0 + -3)*(-7)/(b - 4). Let y(d) = 3*d - 2. Determine y(x).
7
Suppose -5*j - x - 346 = -362, 0 = 3*j + 3*x. Let a(f) = -f**2 - 2*f + 3. What is a(j)?
-21
Let c be (-5 - 711/(-99)) + (-8)/44. Let d(k) = k - 5. What is d(c)?
-3
Suppose -g + 1929 = 5*v + 1869, -2*v - 2*g = -32. Let x(l) = -l**2 + 17*l - 21. Determine x(v).
45
Let k(f) = f + 1. Suppose -2*q - 68152 = 2*q. Let v be q/(-28) - (-3)/2. Let i be v/(-90) - 4/18. Determine k(i).
-6
Let n = 379 - 369. Let t(p) = 9*p**3 + p**2 - p. Let s be t(1). Let i(k) = n - s + 5*k - 3*k. Calculate i(-5).
-9
Let r(i) be the second derivative of 0*i**3 - 5/2*i**2 + 1/12*i**4 - 7*i + 0. Suppose 0 = -2*a - 13 + 21. Give r(a).
11
Let o(r) = -r**2 - 2*r + 3. Let b(h) = -2*h**3 - 2*h**2 + 2*h. Let v be b(1). Let d be ((-288)/(-27) + -8)/(v/3). Calculate o(d).
-5
Let k be 5/(-1) + -2 + 1. Let w(q) = -5*q - 3060*q**2 + q**3 - 3136*q**2 + 6201*q**2 + 7. What is w(k)?
1
Suppose 4*x + 55 = 19. Let f(g) be the second derivative of -g**4/12 - 3*g**3/2 - g**2 - 315*g - 2. Calculate f(x).
-2
Let h = -26744 - -26760. Let z(c) = c**2 - 13*c + 4. Calculate z(h).
52
Let x(c) = c**2 + 22*c + 27. Suppose -187*h + 4*y = -191*h - 68, 0 = 2*h + y + 33. Give x(h).
-69
Suppose -194*l + 295 = 3*l + 1477. Let n(z) = 8*z - 26. Determine n(l).
-74
Suppose 8*a + 1301 = -883. Let c be 3/5*(-455)/a. Let n(b) = -1 - 3*b**2 + 8*b**3 + b**2 + 2*b + b**2. What is n(c)?
8
Let t(v) = -252*v - 168. Let f(q) = 70*q + 1. Let o(l) = -3*f(l) - t(l). What is o(-4)?
-3
Suppose 24 = -4*z - 2*l, -z + 2 = -3*z + 4*l. Let i(h) = -4*h + 5 - 2*h - 9 + 5*h. Determine i(z).
1
Let o(c) be the third derivative of 0 + 136*c**2 + 3/8*c**4 + 2/3*c**3 + 1/60*c**5 + 0*c. Determine o(-10).
14
Let x(v) be the second derivative of -v**4/4 + 2*v**3 + v**2 - 1573*v. Give x(6).
-34
Let o(b) = -19*b - 1502. Let z be o(-79). Let d(k) = -k**2 - 2*k - 3. What is d(z)?
-2
Let d(a) = a**2 - 2*a. Let h(k) be the first derivative of 3*k**2 + 63*k + 100. Let y be h(-10). Calculate d(y).
3
Let f(h) = -h**2 - h + 3. Let p(l) be the third derivative of l**4/8 + 5*l**3/6 + 9*l**2. Let m be p(0). Suppose 3 = -m*r + 18. Calculate f(r).
-9
Suppose -2*s = g + 102 + 58, -66 = s + 4*g. Let c(h) = -8*h - 658. Give c(s).
-2
Let x be -65*(-7)/105 + 2/(-6). Suppose x = 6*y - 2. Let f(t) = 11 - 25 - 4*t**3 + 14. Give f(y).
-4
Let g(w) = -w**2 + 2*w + 5. Let m be (152/(-12))/(3/(9 - 0)). Let h = 42 + m. What is g(h)?
-3
Let h(s) be the first derivative of -s**4/4 + 11*s**3/3 - 6*s**2 + 14*s - 7164. Give h(10).
-6
Let m be ((-1330)/(-28))/(2/(-8)*2). Let c = m - -9. Let u = c - -88. Let r(s) = -6*s + 1. Give r(u).
-11
Let j(x) = -x**3 - 3*x**2 - 2*x - 3. Let l be j(-2). Let t(w) be the second derivative of -w**5/20 - w**4/12 - w**3/2 - 3*w**2/2 - 5107*w. Give t(l).
24
Let d(u) = 4*u**2 + 8. Let h be 1/(8 + -6)*(13 + -13). Give d(h).
8
Let i(x) = -2*x**3 + 2*x**2 + 2*x. Let l be ((-26)/3)/(-13) - (-46)/(-6). Let n(u) = -u**3 - 8*u**2 - 11*u - 26. Let r be n(l). Give i(r).
-4
Let u(c) = 2*c**3 + c**2 - 3*c + 1. Let m = -50 + 47. Let y be -1 - 1 - m - (2 + 1). Let b be u(y). Let s(l) = -l**3 - 6*l**2 - 6*l - 7. Calculate s(b).
-2
Let m(z) be the first derivative of -z**4/4 - 2*z**3/3 + 1723. Let a(s) = -s**2 + 2*s + 5. Let x be a(5). Let b = x - -7. Give m(b).
9
Let f(o) = 2*o + 2. Let z(r) = -20*r - 11. Let q(t) = 6*f(t) + z(t). Suppose 2*a - 2*l - 8 = 0, -4*a + 4*l = a - 16. Suppose -4*u - 8 = -a*u. Calculate q(u).
17
Suppose 6 = 4*b + 2*j, 5*j = 4*j + 5. Let v(h) = -9*h**3 + 5*h**2 - 2*h - 2. Let z(i) = 5*i**3 - 2*i**2 + i + 1. Let r(x) = 2*v(x) + 5*z(x). Determine r(b).
-7
Let o be (-20)/24 + 1378/156. Let d(i) = 2*i**2 - 10*i - 25. Calculate d(o).
23
Let y(g) be the first derivative of g**4/4 - 2*g**3 - 6*g**2 + 15*g + 5641. What is y(8)?
47
Let j(y) = 29*y + 36. Let t(z) = z**3 + 105*z**2 + 116*z + 1242. Let q be t(-104). Calculate j(q).
-138
Let k(q) be the third derivative of -q**5/60 + 3*q**4/8 - 7*q**3/6 - 11*q**2. Let y(t) = 19*t - 543. Let n be y(29). Give k(n).
1
Let f(t) = 456*t - 6 - 220*t - 6 - 223*t. What is f(-2)?
-38
Let q(b) = 14*b**3 + 5*b**2 + 7*b - 1. Let c(s) = 40*s**3 + 14*s**2 + 20*s - 3. Let g be (83/(-332))/((-2)/136). Let i(r) = g*q(r) - 6*c(r). What is i(2)?
-13
Let u(w) = -w**2 + 6*w - 8. Let f(r) = -r**2 + 22*r - 96. Let a be f(15). Let x(p) = p**2 - 22*p + 123. Let k be x(a). Calculate u(k).
-8
Let g be (24*(-24)/20)/(1/(-5)). Suppose -3*u + 11*u - g = 0. Suppose 0 = 3*v + u - 12. Let p(k) = -k**2 + 3*k + 3. What is p(v)?
-7
Let j(d) be the second derivative of -7*d**5/2 + d**3/3 + d**2/2 + 183*d. Give j(-1).
69
Let b(c) = -4*c - 230. Let v be b(-54). Let o(r) = 2*r**2 + 25*r - 40. Determine o(v).
2
Suppose -8*z - 243 + 1243 = 0. Let i = 123 - z. Let d(v) = v + 3. Determine d(i).
1
Suppose 1 - 1 = -6*j. Let z be (5 + (-3)/3)/(12/18). Suppose -2*y + 3 = -5*n, 9*y - 10*y + 5*n - z = j. Let d(v) = -v**3 + 8*v**2 + 8*v + 5. Calculate d(y).
-4
Let z(n) = -n**3 - 5*n**2 + 2*n - 23. Let x be -2 - (-248)/(-60) - (-10)/75. Give z(x).
1
Let t(n) = -2*n + 2. Suppose r - u = 0, 5*r - 5*u + 8*u - 40 = 0. Suppose r*q - 12*l = -14*l + 30, -23 = -q + 3*l. What is t(q)?
-14
Let d(s) = 11*s + 5 - 27 + 2*s**2 + 7 + 0. Let y be d(-7). Suppose -4*k - 12 = -5*u, -y = -2*k + 4*k - u. Let h(v) = v**3 + 5*v**2 + 3*v - 3. Give h(k).
6
Let h be (-26)/(-39) + 2/6. Let y be 0 - h - 4*5/(-10). Let p(k) be the first derivative of -9*k**4/4 + k**3/3 - k - 1. What is p(y)?
-9
Let o be ((5 - 5) + (5 - -1))*20/60. Let s(g) = 6 + 2*g - 5*g**2 + 9 - 13. Give s(o).
-14
Let n = 106 - 104. Suppose 3*d + 25 = -n*d. Let u(f) = 2*f**2 + 4*f - 7. Calculate u(d).
23
Let i(u) = u**3 + u**2 + u + 1. Let p(a) = -a**3 - 22*a**2 + a + 51. Let s be p(-22). Let w be 2/(-2)*(s - 29). What is i(w)?
1
Let y(w) = 20 + 28 - 2*w - 81 + 34. Let u = -207 - -212. Give y(u).
-9
Let g(o) = 3*o**2 + 9*o + 6. Let f(h) = h**2 - h - 1. Let t(j) = 2*f(j) - g(j). Suppose 36*m - 43*m + 28 = 0. Let l be (-5 - m/8*10)*1. Calculate t(l).
2
Let t(r) be the first derivative of -r**4/4 + 8*r**3/3 + 9*r**2 + 31*r - 6794. What is t(10)?
11
Let i(u) = -u**2 + 9*u + 11. Suppose -1049 = 2*p - 1041, 0 = 5*h + 5*p - 5. Give i(h).
31
Let u(d) = -d. Let p be 6/(-48)*2 + (-161)/28 + -2. What is u(p)?
8
Let n(f) = -4*f - 4. Suppose -5*a = 5*c + 10, 0*a - 19 = 2*c + 5*a. Suppose -9 = -4*j + 7, c*j = -4*b + 12. Suppose b = -x + 7 - 10. What is n(x)?
8
Let p(x) = -2*x + 4. Let j be p(3). Let w = j + 22. Suppose 0 = -5*z + 4*g - 17, -5*g - w = 2*z - 0*g. Let d(k) = k**3 + 6*k**2 + 6*k - 7. Give d(z).
-12
Let c be ((-240)/(-400))/((-9)/(-330)). Let l(b) = b**3 - 23*b**2 + 21*b + 32. What i